 k.
48
Let o(j) = 3*j**2 + 11*j + 23. Let f be o(-4). Suppose -5*q = -2*q + 24. Let c be 4 + q + (2 - -11). What is the highest common divisor of f and c?
9
Suppose 0 = 2130*m - 2156*m + 3120. Calculate the greatest common divisor of 15 and m.
15
Suppose -12*w + 256 + 607 = -181. What is the greatest common factor of w and 58?
29
Let d be (-1*492/(-15))/(2 + (-84)/45). Calculate the highest common divisor of d and 27.
3
Let f be ((-1)/(28252/(-2824) - -10))/(4/30). Calculate the highest common factor of f and 10.
5
Let o(l) = -3*l + 37. Let s be o(0). Suppose 31*b = s*b - 1188. Calculate the highest common divisor of 44 and b.
22
Let c(m) = -14*m - 24. Let k be c(-7). Let n = 64 + -2. Suppose n*a - 555 = 59*a. What is the greatest common divisor of a and k?
37
Let u be -1 - ((-22)/(-33) - 305/3). Suppose 0 = -5*q + 65 + 135. Calculate the highest common factor of u and q.
20
Let w(f) be the first derivative of 27*f**2 - 6*f - 3. Let z be w(5). Let c = 4766 - 4742. What is the highest common divisor of z and c?
24
Suppose 0 = -o + 3*x + 69, 45*o + 59 = 46*o + 2*x. Calculate the highest common divisor of o and 98.
7
Suppose -2*r - 2*f + 5692 = -4*f, -5695 = -2*r - f. Calculate the greatest common divisor of 39 and r.
39
Let h(o) = -o**3 + 11*o**2 + 20*o - 2. Let z be h(-2). What is the highest common factor of 6170 and z?
10
Suppose -a + 13 = 9. Let p be (-9 + -1)*(-3182)/215. Calculate the highest common factor of p and a.
4
Let p be ((-36)/(-22))/((-269)/(-11836)). Calculate the highest common divisor of 20232 and p.
72
Suppose -379 = -5*a - 469. Let p be a/(-4) - 28/(-56). Calculate the greatest common divisor of p and 90.
5
Let b be ((-5 + 0)/(-1))/(10*(-14)/(-1260)). Calculate the highest common divisor of 13185 and b.
45
Let s = 124 + -123. What is the highest common factor of 183 and s?
1
Let b(l) = 5*l**2 + 49*l + 112. Let c be b(-7). What is the highest common factor of c and 314?
2
Let n be 19 + -2 - (-4 + (-5 - -6)). Let k(l) = -20*l**3 + 3*l**2 + 7*l + 2. Let d be k(-2). What is the greatest common divisor of d and n?
20
Let z(p) = 45*p**2 + 135*p - 1161. Let k be z(7). What is the greatest common divisor of k and 510?
51
Let m(j) = -91*j + 4303. Let z be m(29). Calculate the greatest common factor of 352 and z.
32
Let b be (-2)/(-4)*(-8)/(-1). Suppose 0 = -2*a + b*a - 110. Let s = -2433 - -2444. Calculate the greatest common factor of a and s.
11
Let q(i) = -i**3 + 5*i**2 + 5*i - 8. Let r = 20 + -15. Let n be q(r). Suppose 2618 = -21*g + 35*g. What is the highest common divisor of g and n?
17
Let i(o) = -82*o - 176. Let j(v) = 3*v - 127. Let r be j(35). Let b be i(r). Calculate the highest common divisor of b and 44.
44
Let z(s) = 4*s**2 + 3*s + 4. Let w be z(4). Let t = w + 85. Let u = 1206 - 1173. Calculate the highest common factor of t and u.
33
Suppose -29463 = -8*q + q. Let a be 5/15 - q/(-9). What is the highest common divisor of a and 4?
4
Let z(q) = -849*q + 8188. Let m be z(-20). Calculate the greatest common divisor of 16 and m.
16
Suppose 3*v = -13*v + 18*v - 5846. Calculate the greatest common divisor of v and 148.
37
Suppose -y = 3*x - 1120, -35 = -5*y - 45. Calculate the highest common divisor of x and 99.
11
Suppose 4*b = -0*b + 480. Suppose 0 = 3*y + 3, 3*y + 26 = 2*j + 5*y. Suppose 10*l + j = 164. What is the greatest common factor of l and b?
15
Suppose 5*u - 176 = -3*p + 253, 2*u = 5*p + 153. Calculate the highest common divisor of u and 28.
28
Suppose 4*a - 12*a = -47 - 17. Suppose 0*c = 3*c. Let z be c + (255/3 - -3). Calculate the highest common divisor of a and z.
8
Let c = -1481 - -1607. What is the greatest common divisor of c and 1638?
126
Let k(u) = 2*u**2 - 9*u + 11. Let w be k(7). Suppose -5*h = 5*m - 670, -2*h + 5*m = -w - 229. What is the highest common divisor of h and 225?
45
Let x = -18 + 235. Let g = -201 + x. Calculate the greatest common factor of 4 and g.
4
Suppose -442 = -q - 376. Let r = 207 + q. Calculate the highest common divisor of r and 147.
21
Let i(x) = 4*x**2 + 140*x + 4. Let p be i(-35). Calculate the greatest common factor of p and 1436.
4
Suppose -6 - 3 = -9*d. Let p be (d + 0)/(-1) - (80 + -85). Calculate the greatest common divisor of p and 10.
2
Let q(z) = -z**3 - 28*z**2 + 14*z - 405. Let f be q(-29). Calculate the greatest common divisor of 1185 and f.
15
Suppose 56*y = -41*y + 20222 + 75711. What is the highest common factor of y and 115?
23
Suppose -11313 = -236*b + 20311. Calculate the greatest common factor of 38 and b.
2
Suppose -23*h = -21*h + 37*h - 97890. Calculate the greatest common divisor of h and 30.
10
Let w = 81 - -79. Let v = w + 60. Let d be (-10)/(-5)*(-2)/((-16)/v). Calculate the highest common factor of 22 and d.
11
Let d = 86 - 84. Suppose -34 - 28 = -d*x. Suppose -4 = 30*q - x*q. Calculate the greatest common divisor of q and 32.
4
Let m = 37 + -5. Suppose k + 18 = -u, 4*k + u + 31 = -m. Let q be (208/(-10))/((-39)/k - 3). Calculate the greatest common divisor of q and 4.
4
Suppose 9*b - 2*b = b. Suppose b = p - 0*p - 505. Let o = p + -352. What is the greatest common factor of o and 17?
17
Let p(o) = -o**3 - 12*o**2 - 9*o - 198. Let n be p(-13). Suppose -23*f + n = -832. Calculate the highest common divisor of f and 110.
10
Suppose -3*c + 501 = 495. Let d be (c/(-3))/(16/(-672)). Calculate the highest common divisor of d and 140.
28
Suppose -4*b = v - 8, -2*v - 2*b + 10 = -0*b. Suppose -4*n = -2*y - 14, v*n + 3*y - y = 26. Let g = n + 0. Calculate the highest common divisor of g and 5.
5
Let r(s) = s**2 - 25*s + 124. Let l be r(16). Let k be l/(-30) + 1766/6. Calculate the greatest common divisor of k and 5.
5
Let y = -12374 + 12467. Calculate the highest common factor of y and 60.
3
Suppose 0 = -n - 4, -2*y + 143 = -4*n - 253. What is the greatest common divisor of 3325 and y?
95
Suppose -20*t - 4584 = -44*t. What is the highest common factor of 8 and t?
1
Let z be (-1)/(-6) + 100/(-24) + 6. Suppose -z*k + 925 = 3*k. Suppose -s + 18 = i - 16, -5*i + k = 2*s. What is the greatest common divisor of i and 52?
13
Suppose -5*f = 3*y - y - 52, 5*y + 20 = 0. Suppose 1090*v - n = 1091*v - 64, 2*v = 4*n + 68. What is the greatest common divisor of f and v?
6
Let z be 1 - 2 - (2 - -2). Let r be -73 - ((-5)/z - -3). Let n = r - -85. What is the greatest common factor of n and 24?
8
Suppose -13 + 121 = 9*s - 8*s. What is the greatest common factor of 17496 and s?
108
Let b = 244 + -239. Suppose -142 = 13*f - 14*f + 5*q, b*q = 5. What is the greatest common divisor of 21 and f?
21
Let f = 0 - -15. Let u = -86 + 228. Suppose -2*h + u = -68. Calculate the highest common factor of f and h.
15
Let x be ((-35)/7)/(3/2)*48. Let d be -1 + 4/10 - 5856/x. What is the greatest common divisor of 96 and d?
12
Suppose 0 = 3*t - 13*w + 18*w - 12328, -5*t = -5*w - 20600. What is the highest common divisor of 84 and t?
84
Let c be (-22)/(-4)*(-780)/825*-5. Calculate the highest common divisor of c and 7.
1
Let z(t) = -4*t**2 - 47*t + 13. Let n be z(-9). Let s be (7/(n/(-36)))/((-3)/8). What is the highest common factor of 138 and s?
6
Let h = 45 - 27. Suppose 184 = 2*a + 100. Let z = a - 40. What is the highest common divisor of z and h?
2
Let q = -130 - -157. Let s(h) = -7*h - 54. Let p be s(-9). What is the highest common factor of p and q?
9
Suppose 338*p - 30368 = 265*p. What is the greatest common divisor of p and 256?
32
Suppose 0 = 36*b + 4*b - 3320. What is the greatest common divisor of b and 11039?
83
Suppose 3*o + 2*u = 19, 6*o - 8*o = 3*u - 11. Let w(g) = g**3 - 12*g**2 + 35*g + 9. Let p be w(o). Calculate the highest common factor of 225 and p.
9
Let u be (2/(8/(-12)))/(15/(-20)). Suppose -v = 3*t - u*v - 60, 4*v = -20. Calculate the highest common divisor of 60 and t.
15
Suppose -216*x + 221*x + 3*z - 143 = 0, 0 = 5*x + 5*z - 145. Let g(f) = -f**3 + 9*f**2 + 8*f - 2. Let p be g(9). What is the greatest common divisor of p and x?
14
Let i = -3886 + 3929. Suppose -4*n = -4*r - 520, 3*n - 22 = 2*r + 367. Calculate the highest common factor of n and i.
43
Let p be (148/12)/(1/3). Suppose 2*y + y + 2*d = 539, -3*y + 595 = -5*d. Calculate the highest common divisor of p and y.
37
Let r = 5358 + -5328. What is the greatest common divisor of r and 6330?
30
Let u be (2 + 